 4*u. Calculate the remainder when 88 is divided by z.
19
Let a = -4 - -71. What is the remainder when a is divided by 23?
21
Suppose -i = 2*i - 33. Let l(j) = 2*j**2 + 5*j - 60. Calculate the remainder when l(6) is divided by i.
9
Let n(s) = -s + 93. What is the remainder when n(47) is divided by 10?
6
Let x = 176 + -141. What is the remainder when 99 is divided by x?
29
Suppose -5*d = -7*d. Let f(y) = -y**2 - y + 5. Let i be f(d). Suppose -x - i*l + 40 = 4*x, -28 = -2*x + 4*l. What is the remainder when x is divided by 3?
1
Let o(a) = -a. Let s(r) = -25*r + 55. Let u(n) = 2*o(n) - s(n). What is the remainder when u(6) is divided by 43?
40
Let o = -66 - -67. Suppose -4*s - 7 = -3*a, -o + 2 = a - 2*s. Suppose i = 2*i - 9. What is the remainder when i is divided by a?
4
Let m(b) be the second derivative of b**4/12 - 4*b**3/3 - 15*b**2/2 - b. Calculate the remainder when 14 is divided by m(10).
4
Let m(x) = -x**2 + 14*x - 7. Let c be m(11). Let s = c + -3. What is the remainder when 27 is divided by s?
4
Let d(o) = o + 6. Suppose j - 1 = z, j + 2 = -z + 7. Suppose 0 = -j*h + 2*h + 3. Calculate the remainder when d(0) is divided by h.
0
Suppose -q = -265 + 50. Let w = 222 - q. Let d(a) = 2*a. What is the remainder when d(6) is divided by w?
5
Let j(p) = -2*p**3 + 2*p**2 - 6. Let v(r) = -4*r + 6. Let t be v(2). Calculate the remainder when j(t) is divided by 5.
3
Suppose -z = 4*z - m - 163, 4*z - 113 = -5*m. Suppose -k + z = -14. What is the remainder when k is divided by (-118)/(-10) - 2/(-10)*1?
10
Let l = 675 + -383. Let p be l/18 - (-8)/(-36). Suppose 6*n = 2*n + p. What is the remainder when n is divided by 2?
0
Let b = 18 - 16. Suppose -5*v = -b*v - 30. What is the remainder when 39 is divided by v?
9
Let y(r) = -5*r - 5. Let s(j) = -4*j - 6. Let i(z) = -6*s(z) + 7*y(z). Calculate the remainder when i(-3) is divided by 4.
2
Suppose 22*j = 23*j - 8. Let q = 38 + -23. What is the remainder when q is divided by j?
7
What is the remainder when 46 is divided by (-35)/35*(-6)/1?
4
Suppose -2*k = -2*t - 7*k + 594, 0 = -6*t - k + 1726. What is the remainder when t is divided by 32?
31
Let d = 46 - 45. Let f = d + 18. What is the remainder when 94 is divided by f?
18
Suppose 25*x + x = 7046. Calculate the remainder when x is divided by 100.
71
Suppose 38 = 4*u - 254. Suppose 203 = 5*x - 1092. What is the remainder when u is divided by 1/2 + x/14?
16
Suppose 3*h - 59 = -5*c, -57 = -3*h + 4*c - 7*c. What is the remainder when 115 is divided by h?
7
Let z(r) = r**3 + 17*r**2 + 13*r - 19. Let x = -82 - -168. What is the remainder when x is divided by z(-16)?
28
Let z = 171 - 242. Let f = z - -103. What is the remainder when 61 is divided by f?
29
Let g = 6 + 7. Suppose 111 + 134 = 5*j. Calculate the remainder when j is divided by g.
10
Suppose 235 = -0*s + 5*s. Let f(k) = k - 7. Let r be f(10). Suppose 4*y = 4*g - 28, -4*g - r*y + 21 + 42 = 0. What is the remainder when s is divided by g?
11
Suppose -i = 5*x - 620, -5*x - 5*i + 271 = -3*x. Let a = 119 - 98. Calculate the remainder when x is divided by a.
18
Let j(w) = -61*w - 88. Calculate the remainder when j(-6) is divided by 28.
26
Suppose 5*u + 12 - 104 = 2*q, -3*u = 2*q - 52. Let d be (48/(-10))/(9/(-60)). Let s = d - u. What is the remainder when s is divided by 9?
5
Suppose -2*m - 2*k = 12, -5*k = -m - 7*k - 10. Let v(q) = -13*q**3 + 3*q**2 + 4*q + 3. Calculate the remainder when v(m) is divided by 56.
55
Suppose 2*w - 242 = 3*s, w + 7*s = 10*s + 121. What is the remainder when w is divided by 62?
59
Suppose -41*j = -40*j - 10. Calculate the remainder when 179 is divided by j.
9
Let q(g) = 2*g**2 - 10*g + 12. Let o be q(5). Let j(t) = t**3 - 13*t**2 + 9*t + 41. What is the remainder when 6 is divided by j(o)?
1
Suppose -4*v - 10*v = -630. Calculate the remainder when v is divided by ((-15)/6 - 0)*48/(-15).
5
Let k = 17 + -13. Let n be (-249)/9 + k/6. Calculate the remainder when 42 is divided by (1/1)/((-3)/n).
6
Let m = 51 - 37. Let q(s) = s**2 - 11*s - 1. Let u(h) = -h**2 + 11*h + 1. Let z(w) = -3*q(w) - 4*u(w). Calculate the remainder when z(m) is divided by 21.
20
Let j(h) = -h**3 + 7*h**2 + 8*h - 8. Let g = -16 - -24. Let y be j(g). Let t(c) = c**3 + 8*c**2 - 12*c - 10. What is the remainder when t(y) is divided by 22?
20
Suppose 0 = -3*v - m + 139, 5*v = 2*m + 196 + 43. Calculate the remainder when v is divided by 4.
3
Let y = -81 + 129. Calculate the remainder when 207 is divided by y.
15
Let s(m) = -m**3 + 11*m**2 - 23*m - 8. What is the remainder when 60 is divided by s(5)?
6
Let a = -19 - -11. What is the remainder when (-111)/(-2) - a/16 is divided by 20?
16
Suppose 184 = -5*o + 44. Let c be (-20)/(-28)*o/(-4). Suppose -2*x = c*b - 11, 0 + 7 = -5*b + 4*x. Calculate the remainder when 4 is divided by b.
0
Let x(w) = -31*w**3 - w**2 + 1. Calculate the remainder when x(-1) is divided by 20.
11
Suppose u = 6*u - 10. Suppose -r - u = -6. Suppose 3*i = 2*i + r. What is the remainder when 6 is divided by i?
2
Suppose -3*a - 5*p = 109, -54 - 17 = 2*a + 3*p. Let q = 30 + a. Suppose 0 = -3*m + 15, 4*s = 2*s - q*m + 80. Calculate the remainder when 137 is divided by s.
32
Let b = 46 + -42. Suppose -28 - 24 = -b*t. Let k(h) = -h**3 - h**2 - h + 24. Calculate the remainder when k(0) is divided by t.
11
Suppose -3*b + 3 = -4*b, 4*b + 264 = 3*c. What is the remainder when c is divided by (-16)/(-12)*(-33)/(-2)?
18
Let j(g) = g**3 - 9*g**2 + 8*g + 11. Let p = 74 - 66. Calculate the remainder when 32 is divided by j(p).
10
Suppose -316*b - 1234 = -6290. What is the remainder when (-71)/(2 + -1)*-2 is divided by b?
14
Let t(l) = l**2 + 17*l + 9. Let y be ((-18)/(-7))/((6/(-7))/6). Suppose 2*g - 112 - 48 = 0. What is the remainder when g is divided by t(y)?
26
Let l be 60/(-40)*(1 + (-1)/3). Let z(m) = -75*m - 7. Let d = -11 - -25. What is the remainder when z(l) is divided by d?
12
Suppose 2*k + 167 = -2*m + 7*m, 0 = -m + k + 31. What is the remainder when 67 is divided by m?
32
Suppose -2*z + g - 16 = 0, -4*z - 10*g = -9*g + 20. What is the remainder when 59 is divided by (-2)/3 - (174/(-18) + z)?
14
Let a(o) = o**3 - 14*o**2 + 12*o + 13. Let x be a(13). Suppose -3*q + 16 = 4*m, -2*m - 7*q + 2*q + 8 = x. Calculate the remainder when 9 is divided by m.
1
Let u = 176 - 161. What is the remainder when 39 is divided by u?
9
Suppose -3*m + 6*d + 1 = d, 0 = m - d - 1. Let i = m + -29. What is the remainder when 40 is divided by (-7)/(4 - i/(-6))?
12
Let t(d) = d - 7. Let f be t(10). Suppose 0*c - 32 = -2*c. Suppose f*n - 64 = -c. What is the remainder when n is divided by 9?
7
Suppose 0 = 4*a, -4*a - 66 = 2*l + 112. Let w = 144 + l. What is the remainder when w is divided by 15?
10
What is the remainder when 170 is divided by (-6 + (-1 - 1 - 35))*-2?
84
Suppose 11 + 1 = -3*s. Let w(o) be the third derivative of o**5/60 - o**4/6 + o**3/2 + 8*o**2. What is the remainder when 139 is divided by w(s)?
34
Let h(p) = 4*p**2 - 11*p - 16. Calculate the remainder when 75 is divided by h(5).
17
What is the remainder when -2*(-3)/(-6)*-81 is divided by 4?
1
Let w be 3/42*4 + (-636)/(-28). Let x = 28 - w. What is the remainder when 7 is divided by x?
2
Suppose i + 10 = 1. Calculate the remainder when (-534)/(-12) + i/6 is divided by 22.
21
Let d = 1761 + -1347. What is the remainder when d is divided by 83?
82
Let d = 19 - 16. Suppose -3 = -d*y + y + 3*z, 4*y = z + 21. Calculate the remainder when 34 is divided by y.
4
Suppose c - 145 = -5*j - 0*j, -3*j = -c - 95. Let q = 16 - 13. Suppose 2*y + 2*d = -2*d + 236, 118 = y - q*d. What is the remainder when y is divided by j?
28
Let d(g) = g**3 - 2*g**2 - 7*g - 6. Let w be d(4). Let n = 43 + -23. What is the remainder when n is divided by (1*(-11)/2)/(w/4)?
9
What is the remainder when ((-45)/20)/((-2265)/(-760) - 3) is divided by 58?
56
Let r = -342 - -391. What is the remainder when 188 is divided by r?
41
Let n(s) = s**3 - 4*s**2 - 4*s + 2. What is the remainder when 5*33/110*(-108)/(-6) is divided by n(5)?
6
Let l = 1321 - 1154. Calculate the remainder when l is divided by 48.
23
Let z be ((-1)/(-3))/(7/(-42)) - 582. What is the remainder when (-6)/9 + z/(-12) is divided by 5?
3
Let q(l) be the second derivative of l**4/12 - l**3/2 - 3*l**2/2 + 3*l. What is the remai